.
-6
Let s(i) = 312*i + 1821. What is s(-4)?
573
Let n(h) = -689*h + 3447. Give n(5).
2
Let n(q) = -72*q + 50. What is n(9)?
-598
Let w(h) = -2*h**3 - 25*h**2 + 865*h - 62. Calculate w(-28).
22
Let r(x) = -x**2 - 111*x - 1596. Determine r(-94).
2
Let h(w) = -21*w**2 + 36*w - 17. Give h(6).
-557
Let d(f) = f**2 + 5*f - 175. Give d(-16).
1
Let i(t) = t**3 + 31*t**2 - 2*t - 37. Calculate i(-31).
25
Let c(n) = -n**2 - 91*n - 1591. Calculate c(-19).
-223
Let o(f) = 4*f**3 + 3*f**2 - 3*f - 19. Calculate o(4).
273
Let t(g) = g**2 - 4624*g - 23154. Calculate t(-5).
-9
Let m(s) = -7*s**3 - 48*s**2 + 2*s - 26. What is m(-7)?
9
Let q(g) = g**2 - 307*g + 21401. Determine q(107).
1
Let w(b) = 7*b**3 - 26*b**2 - 4*b - 5. Determine w(4).
11
Let k(a) = a**3 - 59*a**2 + 108*a + 325. What is k(57)?
-17
Let p(n) = n**3 + 8*n**2 - 806*n - 5675. Calculate p(-7).
16
Let k(l) = l**2 + 10*l - 678. Give k(-31).
-27
Let c(y) = 15*y + 389. Determine c(-14).
179
Let t(p) = -8*p**2 + 9*p + 6. What is t(4)?
-86
Let l(s) = s**3 + 13*s**2 - 13*s - 62. What is l(-12)?
238
Let i(r) = -r**3 - 2*r**2 - 5*r + 37. Calculate i(-5).
137
Let v(y) = -2*y**3 - 10*y**2 + 48*y + 2. Determine v(3).
2
Let l(t) = 2*t**2 - 65*t + 254. What is l(23)?
-183
Let f(u) = -14*u**2 + 146*u - 389. Give f(5).
-9
Let y(i) = -i**3 + 14*i**2 - 31*i - 15. Give y(10).
75
Let f(a) = 56*a - 1164. Calculate f(21).
12
Let j(h) = 2*h**3 - 69*h**2 + 33*h + 17. Calculate j(34).
-17
Let u(h) = 323*h - 19070. Calculate u(59).
-13
Let x(h) = -h**3 + 41*h**2 + 129*h + 74. Determine x(44).
-58
Let t(c) = 3*c**2 + 62*c + 575. Calculate t(-9).
260
Let n(f) = 303*f + 1152. What is n(-5)?
-363
Let s(q) = q**3 - 16*q**2 - 5*q - 214. Give s(17).
-10
Let t(k) = -5*k**2 - 185*k - 124. Give t(-37).
-124
Let n(f) = f**3 - 350*f**2 + 5338*f + 94. What is n(16)?
-2
Let c(r) = -r**2 + 162*r - 5700. What is c(53)?
77
Let z(p) = p**2 + 269*p - 17057. Determine z(53).
9
Let t(r) = 184*r + 1445. Calculate t(-8).
-27
Let c(i) = -i**3 + 31*i**2 + 79*i - 93. Determine c(34).
-875
Let c(v) = 329*v + 2945. Determine c(-9).
-16
Let p(x) = -x**2 + 96*x - 103. Calculate p(92).
265
Let c(n) = 1210*n + 6033. Determine c(-5).
-17
Let m(h) = h**3 + 36*h**2 + 123*h - 149. What is m(-32)?
11
Let c(m) = m**3 + m**2 - 116*m + 26. Calculate c(10).
-34
Let u(p) = p**3 - 27*p**2 + 179*p - 33. Give u(10).
57
Let u(z) = 9*z**3 - 45*z**2 + 37*z - 186. What is u(5)?
-1
Let a(d) = d**2 + 34*d + 366. Give a(-9).
141
Let l(i) = -i**3 + 20*i**2 + 183*i - 15. Calculate l(-7).
27
Let p(w) = w - 69. Calculate p(46).
-23
Let u(z) = 229*z + 6168. Calculate u(-27).
-15
Let t(m) = m**3 - 13*m**2 - 28*m - 25. Give t(15).
5
Let q(s) = 4*s**2 - 121*s - 2194. What is q(-13)?
55
Let i(v) = 5*v**3 - 18*v**2 - 5*v. Calculate i(4).
12
Let z(w) = 8*w + 183. Determine z(3).
207
Let q(n) = 8*n - 62. Determine q(14).
50
Let p(o) = 2*o**3 - 16*o**2 - 7*o + 7. Give p(8).
-49
Let q(o) = 6522*o - 267398. What is q(41)?
4
Let m(d) = -347*d + 8. Determine m(0).
8
Let l(y) = 86*y + 4298. Determine l(-51).
-88
Let h(u) = 127*u - 5036. Calculate h(39).
-83
Let t(d) = -1156*d - 32361. Calculate t(-28).
7
Let c(d) = d**3 + 7*d**2 - 13*d - 10. What is c(5)?
225
Let j(b) = -b**2 - 37*b + 4611. Give j(-89).
-17
Let g(n) = 16*n**2 - 29*n + 90. Determine g(3).
147
Let s(t) = 103*t**3 - t**2 + 3*t + 3. Calculate s(-1).
-104
Let l(d) = 2*d**3 - 42*d**2 - 3*d + 61. Calculate l(21).
-2
Let w(h) = -2*h**2 - 72*h - 430. Determine w(-6).
-70
Let s(o) = 31*o**2 + 4583*o - 744. What is s(-148)?
-4
Let d(o) = 314*o**2 - 3454*o + 5. Give d(11).
5
Let o(k) = -k**3 + 26*k**2 - 45*k + 508. What is o(25)?
8
Let x(m) = m**3 + 49*m**2 + 390*m - 6. Calculate x(-10).
-6
Let d(t) = t**2 + 7*t - 75. What is d(-12)?
-15
Let d(g) = -37*g - 37. Determine d(10).
-407
Let o(u) = -u**3 - 6*u**2 + 9*u - 10. Give o(-9).
152
Let l(p) = -96*p**2 + 17375*p + 168. Calculate l(181).
-13
Let m(i) = i**3 + 24*i**2 - 317*i + 200. What is m(9)?
20
Let u(i) = -174*i**3 - 2*i**2 - 4*i - 2. Determine u(-1).
174
Let a(z) = z**3 + 76*z**2 + 5*z + 384. Determine a(-76).
4
Let u(i) = -15*i**2 + 55*i + 3. What is u(4)?
-17
Let h(v) = 3*v**2 - 56*v - 87. Calculate h(20).
-7
Let s(u) = -u**3 + 40*u**2 - 118*u + 220. Calculate s(37).
-39
Let u(p) = -15*p - 131. Calculate u(-7).
-26
Let o(z) = 22*z - 306. What is o(13)?
-20
Let n(v) = 5*v**2 + 248*v - 1800. What is n(7)?
181
Let s(h) = 2*h**3 + 42*h**2 - 6*h - 147. Calculate s(-21).
-21
Let r(x) = -2*x**3 + 192*x**2 + 199*x - 468. Give r(97).
17
Let m(z) = -3*z**2 + 287*z - 1121. Determine m(4).
-21
Let o(q) = 4*q**3 + 4*q**2 + 133*q + 409. Calculate o(-3).
-62
Let h(r) = 6*r + 203. Determine h(-47).
-79
Let j(l) = -l**3 - 6*l**2 + 156*l + 979. Calculate j(-6).
43
Let m(t) = 21*t + 1020. Give m(-51).
-51
Let l(h) = -7*h - 107. Determine l(-16).
5
Let g(f) = 79*f + 78. Give g(-2).
-80
Let t(h) = h**3 + 48*h**2 - 47*h + 87. Give t(-49).
-11
Let b(d) = 472*d**2 + 5667*d + 41. What is b(-12)?
5
Let l(b) = -2*b**3 + 86*b**2 + 7*b - 321. What is l(43)?
-20
Let z(v) = -14*v - 34. Calculate z(0).
-34
Let y(i) = 27*i + 370. What is y(-18)?
-116
Let n(h) = -2*h**2 - 76*h + 3515. What is n(-65)?
5
Let n(i) = i**3 - 26*i**2 - 24*i - 57. Give n(27).
24
Let q(j) = -6*j + 188. Determine q(12).
116
Let q(a) = -28*a - 330. Give q(-12).
6
Let b(l) = -1641*l + 36111. Calculate b(22).
9
Let w(j) = -299*j + 61900. Determine w(207).
7
Let f(a) = -a**2 + 14*a + 103. Give f(-12).
-209
Let x(i) = 2*i**3 + 101*i**2 - 58*i - 221. What is x(-51)?
136
Let x(n) = -n**2 + 3*n - 32. Give x(12).
-140
Let w(l) = -161*l - 70. Calculate w(-3).
413
Let p(t) = -21*t + 2171. What is p(107)?
-76
Let k(q) = -q**2 - 50*q - 438. What is k(-40)?
-38
Let r(w) = w**2 + 343*w + 8524. Determine r(-27).
-8
Let l(t) = t**2 - 59*t + 690. Give l(43).
2
Let l(k) = -10083*k - 40326. Give l(-4).
6
Let v(l) = -l + 119. Determine v(9).
110
Let u(j) = j**3 - 7*j**2 - 37*j - 57. Calculate u(9).
-228
Let q(g) = -896*g + 2780. Give q(3).
92
Let r(n) = -9*n**2 - 12*n + 3. Determine r(-4).
-93
Let d(o) = -o**3 - o**2 - 15*o + 10. Determine d(-7).
409
Let n(a) = a**3 + 9*a**2 - 19*a + 6. Determine n(3).
57
Let u(b) = -84*b - 863. What is u(-10)?
-23
Let y(h) = -624*h - 8159. Give y(-13).
-47
Let r(p) = -30*p**2 + 174*p - 245. Determine r(3).
7
Let d(x) = -2*x**3 + 37*x**2 + 181*x + 1. What is d(-4)?
-3
Let d(c) = -c**2 - 104*c - 1919. Determine d(-24).
1
Let u(k) = -14*k - 47. Determine u(-6).
37
Let d(m) = 106*m - 1520. Calculate d(15).
70
Let z(s) = s - 27. What is z(37)?
10
Let u(t) = t**3 + 72*t**2 - t - 48. Give u(-72).
24
Let z(w) = -w**3 - 20*w**2 - 57*w - 58. What is z(-14)?
-436
Let p(g) = -3*g**3 - 5*g**2 - 6*g - 1. Calculate p(-2).
15
Let t(d) = 4*d**3 + 133*d**2 + 30*d - 160. What is t(-33)?
-61
Let w(d) = 9*d + 264. Determine w(-28).
12
Let a(c) = 2*c**2 - 62*c - 188. Calculate a(-3).
16
Let q(s) = s**3 + 64*s**2 - 740*s + 7. Determine q(10).
7
Let a(u) = 61*u**3 - 6*u**2 + 8*u - 3. Determine a(1).
60
Let c(o) = -26*o**2 + 1350*o + 102. Give c(52).
-2
Let c(k) = 3*k**3 - 31*k**2 - 83*k + 909. What is c(10)?
-21
Let g(h) = -103*h - 325. Give g(-1).
-222
Let o(n) = 1761*n - 12295. Determine o(7).
32
Let p(a) = a**3 + 24*a**2 + 43*a - 3. Determine p(-2).
-1
Let c(l) = l**2 + 26*l + 86. Determine c(-22).
-2
Let a(t) = -2*t**2 + 109*t - 312. Give a(3).
-3
Let i(x) = 62*x - 163. Give i(3).
23
Let m(v) = v**3 + 59*v**2 + 869*v + 29. Give m(-30).
59
Let a(p) = -2*p**2 + 155*p - 2374. What is a(57)?
-37
Let b(z) = 9*z**3 + 5*z**2 - 12*z - 12. What is b(-4)?
-460
Let v(z) = 3*z**3 + 2*z**2 - 60*z - 16. Calculate v(-4).
64
Let b(i) = 22*i**2 - 161*i - 124. Give b(8).
-4
Let m(k) = 33*k**2 - 495*k + 9. Determine m(15).
9
Let o(y) = 6*y**3 - 31*y**2 + 42*y - 7. Calculate o(3).
2
Let f(a) = 15*a + 1693. Determine f(-115).
-32
Let u(t) = -2*t**3 - 4*t**2 - 125*t - 244. Determine u(-2).
6
Let k(z) = -8*z**2 + 12*z + 44. Calculate k(-3).
-64
Let i(y) = 2*y**2 - 35*y + 1022. Give i(0).
1022
Let q(o) = o**3 - 14*o**2 - 27*o - 47. What is q(16)?
33
Let m(v) = -6*v**3 - 467*v**2 + 82*v + 314. Determine m(-78).
2
Let m(d) = d**3 + 137*d**2 - 709*d + 104. Give m(-142).
-38
Let a(x) = -2*x**3 + 101*x**2 + 82*x - 1559. What is a(51)?
22
Let l(v) = -17*v - 518. Det